{"version":"1.0","provider_name":"Mit csin\u00e1l Mikul\u00e1s az \u00e9v 365 napj\u00e1n?","provider_url":"https:\/\/mikulasnaplo.cafeblog.hu","author_name":"Toldy \u00c9va","author_url":"https:\/\/mikulasnaplo.cafeblog.hu\/author\/toldy_eva\/","title":"Janu\u00e1r 2.","html":"<p>Janu\u00e1r 2-\u00e1n meleg szeretettel k\u00f6sz\u00f6ntj\u00fck n\u00e9vnapjuk alkalm\u00e1b\u00f3l az \u00c1bel nev\u0171 fi\u00fakat.<br \/>Mikul\u00e1s \u00e1tn\u00e9zte a J\u00f3 Gyerekek List\u00e1j\u00e1t is, ahol olyan tov\u00e1bbi n\u00e9vnaposokat tal\u00e1lt, akiket szint\u00e9n janu\u00e1r 2-\u00e1n k\u00f6sz\u00f6nt\u00fcnk n\u00e9vnapjuk alkalm\u00e1b\u00f3l: V\u00e1szoly, Ulisszesz, Odisszeusz, Acs\u00e1d, Mak\u00e1r, Odil\u00f3, Stefi, Stef\u00e1nia, Ger\u0151, Gerg\u0151, Aszp\u00e1zia, Bazs\u00f3, Bertold, Bod\u00f3, Ditm\u00e1r, Fanni, F\u00e1ni, Gergely, \u00c1kos.<br \/>Azok a j\u00f3 gyerekek pedig, akik a mai napon \u00fcnneplik a sz\u00fclet\u00e9snapjukat, k\u00fcl\u00f6nleges \u00fcdv\u00f6zl\u0151 k\u00e9peslapot kaptak* post\u00e1n Mikul\u00e1st\u00f3l!<\/p>","type":"rich"}

Mit csinál Mikulás az év 365 napján?

Toldy Éva

Január 2.

<p>Január 2-án meleg szeretettel köszöntjük névnapjuk alkalmából az Ábel nevű fiúkat.<br />Mikulás átnézte a Jó Gyerekek Listáját is, ahol olyan további névnaposokat talált, akiket szintén január 2-án köszöntünk névnapjuk alkalmából: Vászoly, Ulisszesz, Odisszeusz, Acsád, Makár, Odiló, Stefi, Stefánia, Gerő, Gergő, Aszpázia, Bazsó, Bertold, Bodó, Ditmár, Fanni, Fáni, Gergely, Ákos.<br />Azok a jó gyerekek pedig, akik a mai napon ünneplik a születésnapjukat, különleges üdvözlő képeslapot kaptak* postán Mikulástól!</p>
